e 8, what is -5406306 + -105?
-5406413
In base 5, what is 20020102 + 21320?
20041422
In base 12, what is 27455a71 - 5?
27455a68
In base 12, what is 12294 + 1489?
13761
In base 12, what is 3 - -16123b89?
16123b90
In base 16, what is -2be1b - 84?
-2be9f
In base 4, what is 11 - -1000203011303?
1000203011320
In base 5, what is 3422423322 - -10?
3422423332
In base 10, what is 482026 - 60?
481966
In base 16, what is -a + 262dfe?
262df4
In base 9, what is -14 + 665488?
665474
In base 3, what is -1021000112 + 10201?
-1020212211
In base 3, what is 210110201001022121 - -2?
210110201001022200
In base 14, what is 90 + 5442a6?
544356
In base 11, what is 1347 - 30297?
-29a50
In base 10, what is 12810 + 743?
13553
In base 11, what is 4 - 191a3447?
-191a3443
In base 9, what is 321 + 502302?
502623
In base 13, what is -91 - 8441?
-8502
In base 3, what is 201112212210112 - -112?
201112212211001
In base 6, what is -10 + -113532233?
-113532243
In base 9, what is 6221 - -2224?
8445
In base 10, what is 0 - -7483883?
7483883
In base 14, what is -3 - a9dc38?
-a9dc3b
In base 6, what is 52300 - 201002?
-104302
In base 11, what is 1 + 85a530?
85a531
In base 16, what is 3 - -49e5b?
49e5e
In base 5, what is 13432321243 - 0?
13432321243
In base 14, what is 5b9907 + 1?
5b9908
In base 13, what is -4572 + 6a63?
24c1
In base 2, what is 10111000010000101111011 - 1010?
10111000010000101110001
In base 7, what is 4310050 - 6112?
4300635
In base 3, what is 11 - -2021022122111000?
2021022122111011
In base 2, what is -100111101 - 1000001101110010?
-1000010010101111
In base 4, what is -112212 - -3103?
-103103
In base 7, what is -23644326 + -16?
-23644345
In base 9, what is 58 - -340288?
340357
In base 4, what is -112303 - 211203200?
-211322103
In base 14, what is cc7c2d39 - -5?
cc7c2d40
In base 4, what is -10 + -11033100002?
-11033100012
In base 3, what is -2012022211021 - 120022?
-2012100101120
In base 5, what is 132114 + -10342?
121222
In base 6, what is -5320114 + 15?
-5320055
In base 5, what is -1202031011204 - -4?
-1202031011200
In base 10, what is -10787 + 20158?
9371
In base 11, what is a - -14243520?
1424352a
In base 9, what is -14 + 1014876?
1014862
In base 11, what is 817 - 17402?
-16696
In base 2, what is 10110010110001100110000 - -10?
10110010110001100110010
In base 6, what is 5 - -15325231231?
15325231240
In base 12, what is 2338303 + 14?
2338317
In base 13, what is -90 + 3387c?
337bc
In base 16, what is -49e4 - -84d?
-4197
In base 10, what is 73 - -1072826?
1072899
In base 12, what is -174217 - 479?
-174694
In base 13, what is -13346 - -240?
-13106
In base 13, what is 3 - 2ccc72?
-2ccc6c
In base 15, what is bc2e454 - 1?
bc2e453
In base 2, what is 111 + -11100101000110000011101?
-11100101000110000010110
In base 16, what is -2 + d11240?
d1123e
In base 8, what is -42064143 - -3?
-42064140
In base 3, what is 2020201200 - -1221110?
2022200010
In base 13, what is b - -12195a?
121968
In base 14, what is 2508 - 68?
2480
In base 14, what is 6 - -7065c32?
7065c38
In base 15, what is -14cd4b1 - 2?
-14cd4b3
In base 11, what is -3a - -724897?
724858
In base 12, what is -34683 - 65a?
-35121
In base 13, what is -773b13 - -57?
-773a89
In base 2, what is 11 + 11110011011001100111101?
11110011011001101000000
In base 11, what is -32460 - 37a0?
-36150
In base 3, what is 12010200110110 + 12?
12010200110122
In base 3, what is -12 - -2220010202021?
2220010202002
In base 4, what is 3 + 2002021230223?
2002021230232
In base 8, what is -1 - -3554563?
3554562
In base 12, what is -7963b8 - -37?
-796381
In base 13, what is -2 + -17998cc?
-1799901
In base 4, what is 301300 + 2103203?
3011103
In base 4, what is -20222210330 + -1121?
-20222212111
In base 11, what is -4253 + -5598a?
-5a132
In base 16, what is 15 - -93ee7?
93efc
In base 3, what is 20122121010021211 - -1?
20122121010021212
In base 6, what is -1402503030 - 101?
-1402503131
In base 14, what is 1c655215 - -4?
1c655219
In base 8, what is -33130 - -37340?
4210
In base 16, what is 26 + -35c6?
-35a0
In base 11, what is -7828a9 - 3?
-782901
In base 6, what is -1525 + 31014040?
31012111
In base 11, what is 22a93839 + 0?
22a93839
In base 8, what is 1104041206 - -3?
1104041211
In base 2, what is 10100 + 101000110000110111000?
101000110000111001100
In base 15, what is 43ac8a + 15?
43aca0
In base 12, what is -16 + -1172412b?
-11724145
In base 13, what is -1c + ba8529?
ba850a
In base 13, what is 1 - -658ca884?
658ca885
In base 10, what is -1222 + 96950?
95728
In base 6, what is 104525 - 142042?
-33113
In base 2, what is -100 + 101011011110111100100?
101011011110111100000
In base 2, what is -111010001001100100111001010 + 10?
-111010001001100100111001000
In base 14, what is -249d - 1152b?
-139ca
In base 8, what is -5 - -5605272?
5605265
In base 7, what is -32 - -13314313?
13314251
In base 13, what is -c43529 - 1?
-c4352a
In base 12, what is -3 + -6114754a?
-61147551
In base 4, what is 11 + -1201112000030?
-1201112000013
In base 2, what is -1010010000 + -100111010101100011000?
-100111010110110101000
In base 4, what is 23231013 + -133221?
23031132
In base 7, what is 325513402 + -2?
325513400
In base 16, what is -23 + 3e9bf?
3e99c
In base 16, what is -fcb886 - 3?
-fcb889
In base 2, what is 10000 + -111001111101?
-111001101101
In base 12, what is -59 - -6481b7?
64815a
In base 16, what is 2558 - 1e?
253a
In base 5, what is -132311 + -1014?
-133330
In base 11, what is a08a0 - 109a?
9a801
In base 7, what is 23230260 - -10?
23230300
In base 13, what is -2 - -c45298?
c45296
In base 5, what is -4241 - -212131?
202340
In base 16, what is 29d615 + 1?
29d616
In base 14, what is 54661 + 2b3?
54934
In base 5, what is 1121030 + -132221?
433304
In base 16, what is -9cdd0 - -172?
-9cc5e
In base 16, what is f8dd1 + -f?
f8dc2
In base 16, what is 72f89 - -1e?
72fa7
In base 13, what is -3c0 + 86b?
47b
In base 7, what is 1 + 330164?
330165
In base 14, what is -377 + -27169c?
-271a35
In base 15, what is b919 - 14?
b905
In base 3, what is -10222211112101 - 201?
-10222211120002
In base 12, what is 3 - 22733b39?
-22733b36
In base 14, what is 34 - -1bdb30?
1bdb64
In base 7, what is -21515064 + 3?
-21515061
In base 9, what is 32 - -1424802?
1424834
In base 10, what is 2015 + 2184?
4199
In base 11, what is -73a914 + 8?
-73a907
In base 15, what is d607 - -1dd?
d7e5
In base 16, what is 3 - dfb49?
-dfb46
In base 4, what is -11 + 1213332010231?
1213332010220
In base 9, what is -5734618 - 2?
-5734621
In base 9, what is 1450 + -36304?
-34744
In base 6, what is -34034 - 35122?
-113200
In base 3, what is 0 - 112012010100100?
-112012010100100
In base 7, what is -5 + 62030412?
62030404
In base 11, what is -a0287 + -1465?
-a1741
In base 15, what is 29 + ca00?
ca29
In base 3, what is 11 - -12100010122021?
12100010122102
In base 14, what is -24 + 70a54?
70a30
In base 14, what is cbb + -40b7?
-31da
In base 7, what is 4 - 1222450420?
-1222450413
In base 6, what is 30304052 - 3?
30304045
In base 9, what is 82362 - 36?
82325
In base 10, what is 1194977 + -16?
1194961
In base 6, what is 34 - 1033302201?
-1033302123
In base 5, what is -1011302 + -41333?
-1103140
In base 13, what is -10699 - 1cb?
-10897
In base 2, what is -1000100 - -100100000100?
100011000000
In base 13, what is 12 - 2aa70c6?
-2aa70b4
In base 14, what is -1ad - 2a27?
-2bd6
In base 13, what is -194818 - -3cb?
-19441a
In base 4, what is 221011032323 + -2?
221011032321
In base 10, what is 10468220 + 5?
10468225
In base 6, what is -233203000 - 25?
-233203025
In base 15, what is -186b88 + ed?
-186a8a
In base 13, what is -1 - 92bc82b?
-92bc82c
In base 15, what is -99ada - -d6?
-99a04
In base 10, what is 1646783 + 653?
1647436
In base 7, what is -11622641601 - 3?
-11622641604
In base 7, what is -33 + 104130?
104064
In base 4, what is 1 + 101223010?
101223011
In base 8, what is -123536 - -2644?
-120672
In base 7, what is -50365 - 2054?
-52452
In base 15, what is -2 + -edb1ea5?
-edb1ea7
In base 9, what is 2757 - -87600?
101457
In base 11, what is -18 - -1589a4?
158987
In base 15, what is -2c4221b - -4?
-2c42217
In base 12, what is -23a8 - 1595?
-3981
In base 6, what is 32 + -4503001?
-4502525
In base 7, what is 20255426 - 163?
20255233
In base 5, what is -2144 + -13340442?
-13343141
In base 14, what is 1923b16 + 1?
1923b17
In base 8, what i